z?
3
Let i be 425/(-20) - (-2)/8. Let l(z) = 34*z**3 + 1. Let t be l(1). Let r = t + i. List the prime factors of r.
2, 7
Let u = 14 + -11. Suppose -j + u + 42 = 0. What are the prime factors of j?
3, 5
Let h = 23 + 231. List the prime factors of h.
2, 127
Let i be (0/2)/(-2) - -5. Suppose -v + 13 - 56 = -i*p, -4*p - 3*v + 23 = 0. List the prime factors of p.
2
Let o be (12/(-16))/(2/8). Let x = 6 + o. Suppose -x*u + 23 + 7 = 0. What are the prime factors of u?
2, 5
Let v(u) = u**3 + 6*u**2 - 8*u - 5. Let r be v(-7). Let w = 1 + r. What are the prime factors of w?
3
Suppose -w - 16 = 2*q, -22 - 2 = 3*w - 2*q. Let s = -1 + w. Let h = 15 + s. What are the prime factors of h?
2
Let r = -6 - -49. Suppose 0*t + t = r. What are the prime factors of t?
43
Suppose -6*a = -a - 55. Let q = 25 - a. What are the prime factors of q?
2, 7
Let p(q) = -q**3 + 6*q**2 + q - 4. Let h be p(6). Suppose 2*j + 2 = -d - h, 3*d + 10 = -4*j. Let a = 1 - j. What are the prime factors of a?
2
Let a(s) = 277*s - 4. List the prime factors of a(1).
3, 7, 13
Suppose -4*g = 4*n, 0 = 5*g - 2*g - 2*n - 10. Suppose -5*a - 30 + 7 = -c, g*c = 3*a + 32. What are the prime factors of c?
13
Suppose 2*i - 20 = 44. List the prime factors of i.
2
Let i(m) = m**3 + 5*m**2 + 2*m - 3. Let h be i(-5). Let v = 20 + h. What are the prime factors of v?
7
Let a(o) = 3*o**2 - o. Let u be a(-5). Suppose -6*d + u = -d. List the prime factors of d.
2
Let n = 11 - -1. What are the prime factors of n?
2, 3
Let l(d) = -4*d**3 + d**2 - d + 1. Let j be l(1). Let m(o) = -o**3 - 2*o**2 - 3. Let c be m(j). List the prime factors of (-3)/(c/(-16)) + -2.
2, 3
Let s = -13 + 2. Let w = s - -27. What are the prime factors of w?
2
Suppose 14 = d - 50. What are the prime factors of d?
2
Let b(z) = z**2 - 6*z + 1. Let a be b(5). What are the prime factors of (-45)/(-6) - (-2)/a?
7
Suppose 5*o - 471 - 204 = -5*z, 0 = -2*z + 5*o + 249. Let p = z + -93. List the prime factors of p.
3, 13
List the prime factors of -6*((-24)/2 + 4).
2, 3
Suppose 3*a = 2*f - 4*f + 109, 2*a + 4*f = 86. What are the prime factors of a?
3, 11
Suppose -3*f = y - 17, -3*f - 2*y = -13 - 3. List the prime factors of (0 + 9)*4/f.
2, 3
Let n(l) = -l + 2. Let w be n(2). Suppose w = -5*j + 2*j + 138. What are the prime factors of j?
2, 23
Suppose 5*m - 299 + 19 = 0. Suppose -4*x + m = -2*w, 0 = 2*w + 4. List the prime factors of x.
13
Suppose 0*f + 1792 = 8*f. List the prime factors of f.
2, 7
Let w = -44 - -50. List the prime factors of w.
2, 3
Let a = -6 - -4. Let m = 4 + a. What are the prime factors of m?
2
Let f(d) = d**3 - 5*d**2 - 4. What are the prime factors of f(6)?
2
Suppose 26 = 3*u - 5*u. Let t = 26 + u. Let v = 18 - t. What are the prime factors of v?
5
Let k(m) = -2*m + m**2 + 5*m + m**3 - 2*m + 48. Let d be k(0). Let l = d - 33. List the prime factors of l.
3, 5
Let v(g) = 7*g**3 + g**2 - 5*g + 8. What are the prime factors of v(2)?
2, 29
Let d(k) be the second derivative of 7*k**2 + 0 + k - 1/6*k**3. List the prime factors of d(6).
2
Let o(g) = g**2 + 6*g. Let m be o(-6). Suppose m = 3*f + f + 3*q - 54, 4*f = -q + 58. What are the prime factors of f?
3, 5
Suppose u - 1 = 1. Let p = u + -2. Suppose -10 = -p*d - 5*d. What are the prime factors of d?
2
Let y = 1 + 13. What are the prime factors of y?
2, 7
Let c be -1 + -2 + 30/6. What are the prime factors of (-4)/(c + 15/(-6))?
2
Let n = 1 - 1. Suppose 2*q - q - 4 = 0. List the prime factors of (q - -1) + (n - -3).
2
Let d = 10 - 8. Let l be 3/(-6)*d + -4. Let m = 26 + l. What are the prime factors of m?
3, 7
List the prime factors of ((-10)/(-3))/(2/6).
2, 5
Let b = 3 + -3. Suppose -3*u + 5*u - 12 = b. List the prime factors of u.
2, 3
Let l(q) = -3*q + 15. Let m be l(12). Let v = m - -43. What are the prime factors of v?
2, 11
Let f = 6 + 1. List the prime factors of f/(-14)*(-38 - 0).
19
Suppose 4*q + 833 = 5*k, 3*k = -0*k + 5*q + 492. Let s = k - 115. What are the prime factors of s?
2, 3
Let x(o) = o**3 - 6*o**2 - 2*o + 9. Let z be x(6). Let w = z - -11. Let b = -6 + w. List the prime factors of b.
2
Suppose -4*x - 5*l - 106 = -7*x, 5*x - 3*l - 198 = 0. List the prime factors of x.
2, 3, 7
Suppose -3*n + 21 = -2*m - 52, -2*n - 2*m + 52 = 0. List the prime factors of n.
5
Let z(g) be the second derivative of -1/12*g**4 + 2*g + 0 - 3/2*g**2 - 3/2*g**3. List the prime factors of z(-7).
11
Suppose 4*s + s = 105. What are the prime factors of s?
3, 7
Let q(o) = -o**2 + 14*o - 13. Let m(g) = 2*g**2 - 27*g + 25. Let z(x) = 3*m(x) + 5*q(x). Let r be z(10). Suppose -f - 2*f + 42 = r. List the prime factors of f.
2, 7
Let i = 8 + 21. What are the prime factors of i?
29
Suppose 2*u - 2754 = -16*u. List the prime factors of u.
3, 17
Suppose 0 = q - 4*x - 300, -4*x - 299 = -q - x. What are the prime factors of q?
2, 37
Let v be 6/2 + 2 + -3. Let s be ((-15)/(-2))/(v/4). Suppose s = 2*h + 7. What are the prime factors of h?
2
Let z(f) = 3*f**2 - 3*f + 12. What are the prime factors of z(-5)?
2, 3, 17
Let j(m) = 12*m - 1. Let f be j(1). Suppose 3*h + f = -13. Let p = -4 - h. What are the prime factors of p?
2
Let j be 1 - (-1 + 1 + -1). Let z = 1 + 31. Suppose 7*s + 25 = 2*s, j*n - z = 2*s. What are the prime factors of n?
11
Suppose -7*u - 35 = -2*u. Let v = u + 39. List the prime factors of v.
2
Let v(n) = n + 2*n - 1 - n. Let l be v(5). Let c(d) = 2*d - 9. List the prime factors of c(l).
3
Let a = 10 - 7. Let k be a/(-6) + 3/6. Suppose -5*z + 17 = -3*x, x + 15 = 4*z - k*z. List the prime factors of z.
2
Let l = 117 + -55. What are the prime factors of l?
2, 31
Let z(p) = -p - 9. Let b be z(-6). Suppose 2*g = 7 + 7. Let j = b + g. What are the prime factors of j?
2
Suppose -3*c = -z + 4, z - 3*z - c + 1 = 0. Let d be (-1)/(24/(-22) + z). List the prime factors of d/1 - 0 - -1.
2, 3
Suppose 4*r - 2*t = -r + 11, 7 = r - 2*t. Let m = 1 + r. Let k(g) = -g**3 + 3*g**2 + 2*g. List the prime factors of k(m).
2
What are the prime factors of (-286)/(-8) - 5/60*-3?
2, 3
Let m(q) = -21*q - 19. List the prime factors of m(-6).
107
Suppose 2*y + 3*y - 425 = 4*u, u - 85 = -y. What are the prime factors of y?
5, 17
Suppose 4*b = 5*b - 76. What are the prime factors of b?
2, 19
Suppose 264 = 5*g - 121. List the prime factors of g.
7, 11
Let v(p) = p**3 + 8*p**2 - 7*p - 2. Let t be v(-5). Suppose 6*b + t = 8*b. List the prime factors of b.
2, 3
Let a = 44 - 26. Suppose -6 = t - a. What are the prime factors of t?
2, 3
Suppose 2*y - 5*y - 21 = 0. Let x = y - -23. What are the prime factors of x?
2
Let d = 2 + -2. Suppose 2*y = -d*y + 2. List the prime factors of 10 + y - (-12)/12.
2, 3
Suppose 0 = -5*x + 3*o + 32, 2*o = -2*x - x + 4. Suppose 0 = x*p - 4*v - v - 36, 4*v = -2*p - 8. Suppose 5*y - p*y - 2 = 0. List the prime factors of y.
2
Suppose -2*i - 33 + 9 = 0. Let z = i + 22. List the prime factors of z.
2, 5
Let d(l) = -2*l - 1. Let b be d(-9). Suppose 3*s = 43 + b. Suppose -4*t = -5*h + 68, 3*h - 5*h = 2*t - s. List the prime factors of h.
2, 3
Suppose -2*u = -3 - 9. Let m = u - 9. Let v(y) = y**3 + 3*y**2 - 4*y - 3. What are the prime factors of v(m)?
3
What are the prime factors of 89 - (1 - (1 - (2 + 1)))?
2, 43
What are the prime factors of 3 - (-714)/15 - (-2)/5?
3, 17
Let k(r) be the first derivative of r**4/4 - r**3/3 - r**2 + 2*r + 2. Let w be k(2). Suppose -p + 1 = -w. What are the prime factors of p?
3
Suppose 0 = 5*u + 137 + 268. Let g = u - -115. List the prime factors of g.
2, 17
Let x(c) = 2 - c + 2*c - 10. Let o be x(8). Suppose 6 = -o*k + 4*k + l, 0 = 3*k + 3*l. List the prime factors of k.
2
Let m(y) = 8*y**2 - y**3 - 9*y - 3*y**2 + 6 + 5*y**2 + 3. Let l = -16 - -25. What are the prime factors of m(l)?
3
Let h(u) = 0 + 3*u**2 - 2 - 3*u - 3*u**2 + u**2. Let l be h(4). Let x = l - -3. List the prime factors of x.
5
Let z = 11 + -7. Suppose 3*q - 5*v - 26 = 0, 4*q - 2*v - 12 - z = 0. Suppose -6*h - 3*a = -h - 53, q*a = 5*h - 48. What are the prime factors of h?
2, 5
Suppose 0 = -4*m + 3*p + 2*p + 49, 4*m - 4*p = 48. Suppose 0 = -3*z + m + 28. Suppose 4*t + z = 41. List the prime factors of t.
7
Let t(s) = -s**2 + 8*s + 6. Let r be t(9). Let y be 231/(-15) - (-4)/10. List the prime factors of y/(1*r) + -1.
2
Let x = 13 - 9. Let v be -6*(1 + (-6)/x). Suppose 3*s + n - 55 = 0, -n - v*n 